 = -27 + 40. Suppose 3*l + k - 6 = 0, 2*l = 2*k + 32 - 20. Suppose -l*d + t = 3*i - 5, 3 = 3*d. What are the prime factors of i?
5
Suppose 125 = -5*a + 3*q, a + 3*a - q = -100. Let n = 68 + a. Let l = -31 + n. What are the prime factors of l?
2, 3
Let s = -1172 + 614. Let v be 3/(-12) - s/(-8). Let r = -38 - v. List the prime factors of r.
2
Let x(n) = -7*n**3 + 16*n**2 + 99*n + 9. What are the prime factors of x(-6)?
3, 167
Let v be 2/(-1*4/(-8)). Suppose -212 - 32 = -v*a. What are the prime factors of a?
61
Let p = 240 + -442. List the prime factors of (21/14)/((-3)/p).
101
List the prime factors of 1854/(-45)*((-11 - 1) + -3).
2, 3, 103
Let g(r) = r**2. Let n(k) = -6*k + 6. Let h(j) = g(j) + n(j). List the prime factors of h(7).
13
Suppose 16*x - 12*x = -4*b + 72, 4*b - 2*x = 54. List the prime factors of b.
3, 5
Let l = -74 - -830. Suppose -5*t - 809 = -5*b - 69, l = 5*b + 3*t. What are the prime factors of b?
2, 3, 5
Let h be (-57)/(-133) - (-4512)/7. Suppose 5*a - 480 = h. List the prime factors of a.
3, 5
What are the prime factors of ((-4)/(-10))/(7/12600)?
2, 3, 5
Suppose 2*b + 2*d - 2555 = 1637, 5*b + d = 10476. What are the prime factors of (-4)/(-28) - b/(-35)?
2, 3, 5
Let a(i) = -i**2 - 3*i + 2. Let w be a(-3). Let v = w + 40. What are the prime factors of v?
2, 3, 7
Let g(b) = -2 - b**2 + 3*b**2 - b**2 - b. Let a be g(-1). Suppose -3*l - 3*q + 5 = -49, a = 4*q. List the prime factors of l.
2, 3
Let l be (90/35)/((-2)/14). Let h = 1 - l. What are the prime factors of h?
19
Suppose 7*d - 2*d - 8 = -4*h, -2*h + 4*d = -4. Suppose 151 = 2*o + 2*o - 3*n, -h*o - 4*n + 92 = 0. List the prime factors of o.
2, 5
Suppose n - 43 = 4*x, 2*n + 5*x - 112 = -0*n. Suppose 8 = 4*d - 3*g - 6, -8 = -5*d - g. What are the prime factors of d/(2*3/n)?
17
Suppose -3*u = -1624 - 14. List the prime factors of u.
2, 3, 7, 13
Let v = -329 + 651. What are the prime factors of v?
2, 7, 23
Let x = -1776 - -4583. What are the prime factors of x?
7, 401
Let w(l) = -18*l + 3 + 37*l**2 + 15 - 4 - 36*l**2. What are the prime factors of w(22)?
2, 3, 17
Let z = 51 - 51. Suppose -3*y + 38 - 5 = z. List the prime factors of y.
11
Let j be (-12)/20 - (-64)/(-10). What are the prime factors of ((-94)/8)/(j/56)?
2, 47
Let h(m) = -m**2 - m - 13. Let b(r) = -r**2 - 2*r - 12. Let a(l) = 6*b(l) - 5*h(l). List the prime factors of a(-4).
5
What are the prime factors of 349 + (6/(-4))/(18/48)?
3, 5, 23
Let d = 2427 + -1590. What are the prime factors of d?
3, 31
Suppose -20 = 5*s, -5*b - 2*s = -4*b - 51. What are the prime factors of b?
59
Let n = 17 + 83. Suppose 5*t - j = -n, -t + j + 100 = -6*t. List the prime factors of (t/15)/((-1)/3).
2
Let t(c) = c**2 - 3*c + 149. Let p = 106 - 106. What are the prime factors of t(p)?
149
Suppose 6 = u + u. Suppose u*n - 5*g - 28 = 0, -5*n + 4*g + 17 = -21. List the prime factors of n.
2, 3
Let z = -417 - -1367. List the prime factors of z.
2, 5, 19
Let d = 930 + 403. What are the prime factors of d?
31, 43
Let y(r) = 180*r**2 + 25*r - 131. What are the prime factors of y(5)?
2, 3, 7, 107
Let n(h) = -h**3 + 3*h**2 - 2*h + 1. Let x be n(-4). Let d = -55 + x. List the prime factors of d.
2, 3, 11
Suppose 13*o + 1850 = 14*o. List the prime factors of o.
2, 5, 37
Let x = -383 - -767. What are the prime factors of x?
2, 3
Let a = 802 + -368. What are the prime factors of a?
2, 7, 31
Suppose 4*q = q - 3*l + 6, -3*q = 2*l - 7. Suppose -3*t + 588 = q*x, -980 + 0 = -5*x + 2*t. Suppose x = 4*s - 48. List the prime factors of s.
61
Let h be (-2)/11 - 688/88. What are the prime factors of (-146)/(-16) + 1/h?
3
Suppose 3*f - 1044 = -f. What are the prime factors of 7/(-28) + f/(-24)*-6?
5, 13
Suppose 5*m = -4*b + 14314, 79*b + 4 = 83*b. List the prime factors of m.
2, 3, 53
Let u = -2086 + 5419. What are the prime factors of u?
3, 11, 101
Suppose 2*d + 18 = -24. Let z = -11 - d. Suppose 6*t + 180 = z*t. List the prime factors of t.
3, 5
Let w(r) = 2*r - 12. Let m be w(8). Suppose 3*c - 77 = m*d, 56 = 2*c - d - 4*d. List the prime factors of c.
23
Let o = 126 - 64. Let k = o - 20. List the prime factors of k.
2, 3, 7
Let q = 105 - 103. Suppose 2*s - 4*p = 344, s + 326 = 3*s + q*p. What are the prime factors of s?
2, 83
Suppose 30*y - 47*y = -6970. List the prime factors of y.
2, 5, 41
Suppose 27*f - 12 = 24*f. Suppose f*j = -3*z + 24, 0 = -j - 0*z - 4*z + 6. Suppose -l + j - 13 = 3*u, 3*l - 14 = -2*u. What are the prime factors of l?
2
Let h = 1200 - 3. What are the prime factors of h?
3, 7, 19
Let z(w) = 2*w**3 - 9*w**2 + 7*w - 4. Let i(r) = 6*r**3 - r**2 + r - 1. Let y be i(1). What are the prime factors of z(y)?
2, 7
Suppose -1502 + 173 = -3*i. List the prime factors of i.
443
Suppose 3*i + 3*a = 219, -6*i + i + 375 = -5*a. Let h = -56 + i. What are the prime factors of h?
2, 3
Let u(d) = -8*d + 1 + d**2 - 3 + 0*d**2 + 5. Let l be u(6). What are the prime factors of (-3)/l*3*30?
2, 3, 5
Suppose 0 = 7*y + 517 + 897. What are the prime factors of y/((-3)/(-3)*-2)?
101
Suppose -10*m - 467 + 1917 = 0. List the prime factors of m.
5, 29
Let s = -39 + 24. Let m = -7 - s. Suppose -r - m = -43. What are the prime factors of r?
5, 7
Let f(q) = 4 - q**2 + 8*q**2 + 4*q + 5*q**3 - 4*q**3. Suppose 4*s + 4*p + 20 = 0, -5*s + 3*s = 3*p + 10. List the prime factors of f(s).
2, 17
Let h = 2242 - 922. List the prime factors of h.
2, 3, 5, 11
Let p = 17 + -25. Let h(m) = m**3 + 8*m**2 - m - 7. Let g be h(p). List the prime factors of (-2)/(g + (-45)/39).
13
Suppose j + j - 330 = 0. Let m = j - 106. What are the prime factors of m?
59
Let v(u) = 40*u + 26. Let z(o) = -13*o - 9. Let w(c) = 4*v(c) + 11*z(c). Let j(q) = -25*q - 8. Let h(i) = -5*j(i) - 8*w(i). List the prime factors of h(-1).
11
Let t be 6710/40 + (-6)/8. Let j = -95 + t. Suppose 6 = 3*y - j. What are the prime factors of y?
2, 13
Let m = -3 - -5. Suppose 4*s - 10 = -m*f, 2*s + 2*s = 2*f - 10. Suppose s = -5*v - 2*l + 30, -5*v + 5*l + 65 = -0*v. List the prime factors of v.
2
Let g(x) be the first derivative of -3*x**2/2 + 5*x - 5. Let p be g(4). Let a = 9 + p. What are the prime factors of a?
2
Let q be 0 + (-3 - -1) + 0. Let l be (q + -1 + 3)/2. What are the prime factors of -1 + 22 + l/(-5)?
3, 7
Let j(s) = -11*s - 14. Let g(f) = -10*f - 14. Let w(k) = 7*g(k) - 6*j(k). Let q(i) = 10*i - 81. Let c be q(7). List the prime factors of w(c).
2, 3, 5
Let l(a) = 10*a + 820. What are the prime factors of l(43)?
2, 5
Let s(k) = k + 4. Let p be s(-2). Suppose p*c - 427 = -3*a - 3*c, -5*a - c + 697 = 0. Let t = a + -98. What are the prime factors of t?
41
Suppose n - 3*n = 30. Let o = n + 19. Suppose -a - 2*y = -48, -o*a - y + 75 = -131. What are the prime factors of a?
2, 13
Let p(r) = 10*r**2 - 11*r - 47. What are the prime factors of p(-6)?
379
Suppose -6*w + 6820 = 814. What are the prime factors of w?
7, 11, 13
Suppose -28*h = -8*h - 140. List the prime factors of h.
7
Let h(m) be the second derivative of -3*m**5/20 - m**4/3 - 2*m**3/3 + 5*m**2/2 - 8*m. What are the prime factors of h(-3)?
2, 31
Suppose 3874 = 4*s - 3*g + 650, 4061 = 5*s + 4*g. List the prime factors of s.
809
Let k = 11 + -21. What are the prime factors of ((-6)/k)/(4*(-2)/(-1480))?
3, 37
Suppose 16*p = 1256 - 56. List the prime factors of p.
3, 5
Let u(p) = p**3 + 4*p**2 - 2*p + 1. Let m be u(-4). Let j = m - -12. What are the prime factors of j?
3, 7
Suppose 2*j - o - 5729 = 0, o + 17 = 12. What are the prime factors of j?
2, 3, 53
Suppose -11*v + 13*v = 8. Suppose 0 = -4*r + 16, 0 = -v*p - 0*p - 3*r - 4. What are the prime factors of p/(-4) - -58 - -3?
2, 31
Let m = 14 - -20. Let i be 3961/m - (-1)/(-2). Suppose -9*q = -11*q + i. List the prime factors of q.
2, 29
Suppose -4*k + 9 - 1 = 0, 4*i + 2*k + 140 = 0. Let w = 72 + i. List the prime factors of 3 + w - (-1 + 1).
3, 13
Suppose -k = 5*k - 54. Let p = 16 - 29. Let o = k - p. List the prime factors of o.
2, 11
Let k = -97 + 204. Suppose k*f = 108*f - 80. What are the prime factors of f?
2, 5
What are the prime factors of 1*2405 + (-3)/(-18)*18?
2, 7, 43
Let t(f) = 5*f + 175. Let h be t(0). Suppose 0 = -8*b + 3*b + h. List the prime factors of b.
5, 7
Suppose -11109 = -15*b - 6*b. What are the prime factors of b?
23
Let w = -51 + 108. Let o = w + 145. List the prime factors of o.
